{"id":4023,"date":"2025-09-01T13:08:32","date_gmt":"2025-09-01T11:08:32","guid":{"rendered":"https:\/\/www.virtusetlabor.it\/?page_id=4023"},"modified":"2025-09-01T13:08:32","modified_gmt":"2025-09-01T11:08:32","slug":"tariffe-planning","status":"publish","type":"page","link":"https:\/\/www.virtusetlabor.it\/index.php\/infocorsi\/tariffe-planning\/","title":{"rendered":"Tariffe &#038; Planning"},"content":{"rendered":"<h2 style=\"text-align: center;\">Tariffe Anno Sportivo 2025\/2026<\/h2>\n<p>&nbsp;<\/p>\n<p><img data-recalc-dims=\"1\" loading=\"lazy\" decoding=\"async\" class=\"aligncenter size-large wp-image-4025\" src=\"https:\/\/i0.wp.com\/www.virtusetlabor.it\/wp-content\/uploads\/2025\/09\/2.jpg?resize=724%2C1024&#038;ssl=1\" alt=\"\" width=\"724\" height=\"1024\" srcset=\"https:\/\/i0.wp.com\/www.virtusetlabor.it\/wp-content\/uploads\/2025\/09\/2.jpg?resize=724%2C1024&amp;ssl=1 724w, https:\/\/i0.wp.com\/www.virtusetlabor.it\/wp-content\/uploads\/2025\/09\/2.jpg?resize=212%2C300&amp;ssl=1 212w, https:\/\/i0.wp.com\/www.virtusetlabor.it\/wp-content\/uploads\/2025\/09\/2.jpg?resize=768%2C1086&amp;ssl=1 768w, https:\/\/i0.wp.com\/www.virtusetlabor.it\/wp-content\/uploads\/2025\/09\/2.jpg?resize=1086%2C1536&amp;ssl=1 1086w, https:\/\/i0.wp.com\/www.virtusetlabor.it\/wp-content\/uploads\/2025\/09\/2.jpg?resize=1170%2C1655&amp;ssl=1 1170w, https:\/\/i0.wp.com\/www.virtusetlabor.it\/wp-content\/uploads\/2025\/09\/2.jpg?w=1414&amp;ssl=1 1414w\" sizes=\"auto, (max-width: 724px) 100vw, 724px\" \/><\/p>\n<p style=\"text-align: center;\">____<\/p>\n<h2 style=\"text-align: center;\">Planning Corsi Anno Sportivo 2025\/2026<\/h2>\n<p><img data-recalc-dims=\"1\" loading=\"lazy\" decoding=\"async\" class=\"aligncenter size-large wp-image-4024\" src=\"https:\/\/i0.wp.com\/www.virtusetlabor.it\/wp-content\/uploads\/2025\/09\/3.jpg?resize=724%2C1024&#038;ssl=1\" alt=\"\" width=\"724\" height=\"1024\" srcset=\"https:\/\/i0.wp.com\/www.virtusetlabor.it\/wp-content\/uploads\/2025\/09\/3.jpg?resize=724%2C1024&amp;ssl=1 724w, https:\/\/i0.wp.com\/www.virtusetlabor.it\/wp-content\/uploads\/2025\/09\/3.jpg?resize=212%2C300&amp;ssl=1 212w, https:\/\/i0.wp.com\/www.virtusetlabor.it\/wp-content\/uploads\/2025\/09\/3.jpg?resize=768%2C1086&amp;ssl=1 768w, https:\/\/i0.wp.com\/www.virtusetlabor.it\/wp-content\/uploads\/2025\/09\/3.jpg?resize=1086%2C1536&amp;ssl=1 1086w, https:\/\/i0.wp.com\/www.virtusetlabor.it\/wp-content\/uploads\/2025\/09\/3.jpg?resize=1170%2C1655&amp;ssl=1 1170w, https:\/\/i0.wp.com\/www.virtusetlabor.it\/wp-content\/uploads\/2025\/09\/3.jpg?w=1414&amp;ssl=1 1414w\" sizes=\"auto, (max-width: 724px) 100vw, 724px\" \/><\/p>\n","protected":false},"excerpt":{"rendered":"<p>Tariffe Anno Sportivo 2025\/2026 &nbsp; ____ Planning Corsi Anno Sportivo 2025\/2026<\/p>\n","protected":false},"author":1,"featured_media":0,"parent":79,"menu_order":0,"comment_status":"closed","ping_status":"closed","template":"","meta":{"footnotes":""},"class_list":["post-4023","page","type-page","status-publish","hentry"],"jetpack_sharing_enabled":true,"jetpack-related-posts":[{"id":76,"url":"https:\/\/www.virtusetlabor.it\/index.php\/infoiscrizioniegolee\/","url_meta":{"origin":4023,"position":0},"title":"Info Iscrizioni &#038; Golee","author":"virtusadmin","date":"Aprile 20, 2016","format":false,"excerpt":"Iscrizioni aperte A partire dal\u00a01\u00b0 settembre 2025\u00a0sono ufficialmente aperte le iscrizioni ai corsi della\u00a0A.S.D. Virtus et Labor\u00a0per il nuovo anno sportivo. Per agevolare i nostri Soci e le nuove famiglie, da quest\u2019anno sar\u00e0 possibile compilare ed inviare l\u2019iscrizione anche online tramite la piattaforma\u00a0Golee, sia per RINNOVI che per i NUOVI\u2026","rel":"","context":"Articolo simile","block_context":{"text":"Articolo simile","link":""},"img":{"alt_text":"Info iscrizioni 25\/26","src":"https:\/\/i0.wp.com\/www.virtusetlabor.it\/wp-content\/uploads\/2025\/09\/Iscrizioni-e1756720111308.jpg?resize=350%2C200&ssl=1","width":350,"height":200},"classes":[]},{"id":3938,"url":"https:\/\/www.virtusetlabor.it\/index.php\/galleria\/saggio-2025\/","url_meta":{"origin":4023,"position":1},"title":"Saggio 2025","author":"virtusadmin","date":"Luglio 30, 2025","format":false,"excerpt":"\u00a0 Ecco finalmente il resoconto fotografico del nostro Saggio di Fine Anno ispirato al magico mondo di Harry Potter! \u00c8 stata una serata straordinaria, piena di incantesimi, emozioni e tanta ginnastica: un vero viaggio tra le sale di Hogwarts, tra scope volanti, mantelli, bacchette e magie di ogni tipo! \u2728\u2026","rel":"","context":"Articolo simile","block_context":{"text":"Articolo simile","link":""},"img":{"alt_text":"","src":"https:\/\/i0.wp.com\/www.virtusetlabor.it\/wp-content\/uploads\/2025\/07\/HarryP_Virtus_locandinaA4-Post-Instagram-45-e1753865790536.jpg?fit=450%2C563&ssl=1&resize=350%2C200","width":350,"height":200},"classes":[]},{"id":8,"url":"https:\/\/www.virtusetlabor.it\/index.php\/storia\/","url_meta":{"origin":4023,"position":2},"title":"Storia","author":"virtusadmin","date":"Aprile 14, 2016","format":false,"excerpt":"La \u201cVirtus et Labor\u201d nasce nel 1906 da un\u2019idea dell\u2019assistente all\u2019Oratorio don Giovanni Sala e dai melegnanesi Gaetano Massironi e Giovanni Del Corno, come sezione ginnastica dell\u2019Oratorio maschile S. Giuseppe di Melegnano. Sar\u00e0 con l\u2019arrivo di don Enrico Tavazza, melegnanese d\u2019origine e prezioso collaboratore, che la Societ\u00e0 verr\u00e0 dotata di\u2026","rel":"","context":"Articolo simile","block_context":{"text":"Articolo simile","link":""},"img":{"alt_text":"logo","src":"https:\/\/i0.wp.com\/www.virtusetlabor.it\/wp-content\/uploads\/2016\/04\/logo-1.png?resize=350%2C200","width":350,"height":200},"classes":[]},{"id":79,"url":"https:\/\/www.virtusetlabor.it\/index.php\/infocorsi\/","url_meta":{"origin":4023,"position":3},"title":"Info Corsi","author":"virtusadmin","date":"Aprile 20, 2016","format":false,"excerpt":"BABY GYM Et\u00e0: 3-4 anni Descrizione: Corso ludico-motorio per lo sviluppo delle abilit\u00e0 di base: corsa, salto, rotolamenti, equilibrio e coordinazione oculo-manuale. Attivit\u00e0 con attrezzi della ginnastica artistica (trave, trampolino, tappetini, ecc.). Importante la relazione con coetanei e adulti in un ambiente giocoso e strutturato. Note: Corso a numero chiuso.\u2026","rel":"","context":"Articolo simile","block_context":{"text":"Articolo simile","link":""},"img":{"alt_text":"Info Corsi","src":"https:\/\/i0.wp.com\/www.virtusetlabor.it\/wp-content\/uploads\/2025\/09\/1-e1756724443130.jpg?fit=650%2C919&ssl=1&resize=350%2C200","width":350,"height":200,"srcset":"https:\/\/i0.wp.com\/www.virtusetlabor.it\/wp-content\/uploads\/2025\/09\/1-e1756724443130.jpg?fit=650%2C919&ssl=1&resize=350%2C200 1x, https:\/\/i0.wp.com\/www.virtusetlabor.it\/wp-content\/uploads\/2025\/09\/1-e1756724443130.jpg?fit=650%2C919&ssl=1&resize=525%2C300 1.5x"},"classes":[]},{"id":6,"url":"https:\/\/www.virtusetlabor.it\/index.php\/chi-siamo\/","url_meta":{"origin":4023,"position":4},"title":"Chi siamo","author":"virtusadmin","date":"Aprile 14, 2016","format":false,"excerpt":"La \u201cVirtus et Labor\u201d nasce nel 1906 da un\u2019idea dell\u2019assistente all\u2019Oratorio don Giovanni Sala e dai melegnanesi Gaetano Massironi e Giovanni Del Corno, come sezione ginnastica dell\u2019Oratorio maschile S. Giuseppe di Melegnano. Sara\u0300 con l\u2019arrivo di don Enrico Tavazza, melegnanese d\u2019origine e prezioso collaboratore, che la Societa\u0300 verra\u0300 dotata di\u2026","rel":"","context":"Articolo simile","block_context":{"text":"Articolo simile","link":""},"img":{"alt_text":"foto-storica-1","src":"https:\/\/i0.wp.com\/www.virtusetlabor.it\/wp-content\/uploads\/2016\/04\/foto-storica-1-300x192.png?resize=350%2C200","width":350,"height":200},"classes":[]},{"id":3203,"url":"https:\/\/www.virtusetlabor.it\/index.php\/patto-di-corresponsabilita\/","url_meta":{"origin":4023,"position":5},"title":"Patto Educativo di Corresponsabilit\u00e0","author":"virtusadmin","date":"Luglio 12, 2024","format":false,"excerpt":"Premesso che: La formazione e l\u2019educazione sportiva sono processi complessi e continui che richiedono la cooperazione, oltre che dell\u2019allievo\/atleta, dell\u2019associazione sportiva, della famiglia e dell\u2019intera comunit\u00e0 educante. La palestra e gli ambienti di aggregazione sportiva sono il luogo in cui si realizza la crescita della performance atletica dei ragazzi ed\u2026","rel":"","context":"Articolo simile","block_context":{"text":"Articolo simile","link":""},"img":{"alt_text":"","src":"","width":0,"height":0},"classes":[]}],"_links":{"self":[{"href":"https:\/\/www.virtusetlabor.it\/index.php\/wp-json\/wp\/v2\/pages\/4023","targetHints":{"allow":["GET"]}}],"collection":[{"href":"https:\/\/www.virtusetlabor.it\/index.php\/wp-json\/wp\/v2\/pages"}],"about":[{"href":"https:\/\/www.virtusetlabor.it\/index.php\/wp-json\/wp\/v2\/types\/page"}],"author":[{"embeddable":true,"href":"https:\/\/www.virtusetlabor.it\/index.php\/wp-json\/wp\/v2\/users\/1"}],"replies":[{"embeddable":true,"href":"https:\/\/www.virtusetlabor.it\/index.php\/wp-json\/wp\/v2\/comments?post=4023"}],"version-history":[{"count":1,"href":"https:\/\/www.virtusetlabor.it\/index.php\/wp-json\/wp\/v2\/pages\/4023\/revisions"}],"predecessor-version":[{"id":4026,"href":"https:\/\/www.virtusetlabor.it\/index.php\/wp-json\/wp\/v2\/pages\/4023\/revisions\/4026"}],"up":[{"embeddable":true,"href":"https:\/\/www.virtusetlabor.it\/index.php\/wp-json\/wp\/v2\/pages\/79"}],"wp:attachment":[{"href":"https:\/\/www.virtusetlabor.it\/index.php\/wp-json\/wp\/v2\/media?parent=4023"}],"curies":[{"name":"wp","href":"https:\/\/api.w.org\/{rel}","templated":true}]}}

Iscrizioni aperte A partire dal 1° settembre 2025 sono ufficialmente aperte le iscrizioni ai corsi della A.S.D. Virtus et Labor per il nuovo anno sportivo. Per agevolare i nostri Soci e le nuove famiglie, da quest’anno sarà possibile compilare ed inviare l’iscrizione anche online tramite la piattaforma Golee, sia per RINNOVI che per i NUOVI…

Ecco finalmente il resoconto fotografico del nostro Saggio di Fine Anno ispirato al magico mondo di Harry Potter! È stata una serata straordinaria, piena di incantesimi, emozioni e tanta ginnastica: un vero viaggio tra le sale di Hogwarts, tra scope volanti, mantelli, bacchette e magie di ogni tipo! ✨…

La “Virtus et Labor” nasce nel 1906 da un’idea dell’assistente all’Oratorio don Giovanni Sala e dai melegnanesi Gaetano Massironi e Giovanni Del Corno, come sezione ginnastica dell’Oratorio maschile S. Giuseppe di Melegnano. Sarà con l’arrivo di don Enrico Tavazza, melegnanese d’origine e prezioso collaboratore, che la Società verrà dotata di…

BABY GYM Età: 3-4 anni Descrizione: Corso ludico-motorio per lo sviluppo delle abilità di base: corsa, salto, rotolamenti, equilibrio e coordinazione oculo-manuale. Attività con attrezzi della ginnastica artistica (trave, trampolino, tappetini, ecc.). Importante la relazione con coetanei e adulti in un ambiente giocoso e strutturato. Note: Corso a numero chiuso.…

Patto Educativo di Corresponsabilità

Premesso che: La formazione e l’educazione sportiva sono processi complessi e continui che richiedono la cooperazione, oltre che dell’allievo/atleta, dell’associazione sportiva, della famiglia e dell’intera comunità educante. La palestra e gli ambienti di aggregazione sportiva sono il luogo in cui si realizza la crescita della performance atletica dei ragazzi ed…
