{"id":76,"date":"2016-04-20T21:14:38","date_gmt":"2016-04-20T21:14:38","guid":{"rendered":"http:\/\/www.virtusetlabor.it\/?page_id=76"},"modified":"2025-09-01T12:33:57","modified_gmt":"2025-09-01T10:33:57","slug":"infoiscrizioniegolee","status":"publish","type":"page","link":"https:\/\/www.virtusetlabor.it\/index.php\/infoiscrizioniegolee\/","title":{"rendered":"Info Iscrizioni &#038; Golee"},"content":{"rendered":"<h2 data-start=\"146\" data-end=\"293\">Iscrizioni aperte<\/h2>\n<p data-start=\"146\" data-end=\"293\">A partire dal\u00a0<strong data-start=\"160\" data-end=\"181\">1\u00b0 settembre 2025<\/strong>\u00a0sono ufficialmente aperte le iscrizioni ai corsi della\u00a0<strong>A.S.D. Virtus et Labor<\/strong>\u00a0per il nuovo anno sportivo.<\/p>\n<p data-start=\"295\" data-end=\"445\">Per agevolare i nostri Soci e le nuove famiglie, da quest\u2019anno sar\u00e0 possibile compilare ed inviare l\u2019iscrizione anche online tramite la piattaforma\u00a0<strong data-start=\"433\" data-end=\"442\">Golee<\/strong>, sia per RINNOVI che per i NUOVI ISCRITTI.<\/p>\n<p data-start=\"447\" data-end=\"595\">Resta comunque attiva la possibilit\u00e0 di iscriversi \u201cdi persona\u201d presso la nostra\u00a0<strong data-start=\"528\" data-end=\"536\">Sede<\/strong>, durante tutto il mese di settembre, nei seguenti orari:<\/p>\n<ul data-start=\"596\" data-end=\"694\">\n<li data-start=\"596\" data-end=\"655\">\n<p data-start=\"598\" data-end=\"655\"><strong data-start=\"598\" data-end=\"630\">Luned\u00ec, Mercoled\u00ec e Venerd\u00ec:<\/strong>\u00a0dalle 18:00 alle 20:00<\/p>\n<\/li>\n<li data-start=\"656\" data-end=\"694\">\n<p data-start=\"658\" data-end=\"694\"><strong data-start=\"658\" data-end=\"669\">Sabato:<\/strong>\u00a0dalle 10:00 alle 12:00<\/p>\n<\/li>\n<\/ul>\n<p data-start=\"696\" data-end=\"806\">Per qualsiasi informazione aggiuntiva o chiarimento potete scriverci a:\u00a0<strong data-start=\"773\" data-end=\"804\"><a class=\"decorated-link cursor-pointer\" rel=\"noopener\" data-start=\"775\" data-end=\"802\">iscrizioni@virtusetlabor.it<\/a><\/strong><\/p>\n<p data-start=\"808\" data-end=\"889\">Vi aspettiamo per iniziare insieme un nuovo anno di sport, crescita e passione.<\/p>\n<p data-start=\"808\" data-end=\"889\"><img data-recalc-dims=\"1\" loading=\"lazy\" decoding=\"async\" class=\"aligncenter wp-image-4010 size-full\" src=\"https:\/\/i0.wp.com\/www.virtusetlabor.it\/wp-content\/uploads\/2025\/09\/Iscrizioni-e1756720111308.jpg?resize=450%2C563&#038;ssl=1\" alt=\"Info iscrizioni 25\/26\" width=\"450\" height=\"563\" \/><\/p>\n<p data-start=\"808\" data-end=\"889\">______<\/p>\n<h2 data-start=\"146\" data-end=\"293\">Golee &#8211;\u00a0 tutto a portata di click<\/h2>\n<p>A partire da questo nuovo Anno Sportivo sar\u00e0 possibile procedere all&#8217;Iscrizione attraverso form online e la registrazione alla piattaforma <a href=\"https:\/\/auth.golee.it\/login\" target=\"_blank\" rel=\"noopener\">Golee<\/a><\/p>\n<p>L&#8217;invio del form di iscrizione e la registrazione al portale avviene tramite invito della Societ\u00e0; si prega di contattare <strong>iscrizioni@virtusetlabor.it<\/strong> per tutti i dettagli.<\/p>\n<p>Tutte le\u00a0<strong>specifiche\u00a0<\/strong>presenti nei passati moduli, sono riportate nel testo che trovate prima della compilazione del nuovo Modulo di Iscrizione.<\/p>\n<p>Eventuali specifiche relative al gestionale Golee sono consultabili al pubblico nelle sezioni e pagine relative al gestionale stesso.<\/p>\n<p>Consigliamo di leggere attentamente le specifiche relative al\u00a0<strong>pagamento\u00a0<\/strong>in quanto \u00e8 possibile completare l&#8217;iscrizione senza pagare ed effettuarlo in un secondo momento nella modalit\u00e0 che preferite (bonifico bancario\/POS).<\/p>\n<p>Ricordiamo inoltre che il pagamento si compone di una quota associativa di euro 50, da rinnovare ogni anno, e della quota relativa al corso.<\/p>\n<p>La <em>quota\u00a0<\/em>relativa al\u00a0<em>corso\u00a0<\/em>vi verr\u00e0\u00a0<strong>associata\u00a0<\/strong>nella sezione pagamenti dalla\u00a0<strong>Societ\u00e0\u00a0<\/strong>come da voi indicato tramite link (quota annuale e due quote) e ritenuta saldata una volta effettuato il pagamento (in qualsiasi caso saremo noi ad aggiornare la situazione pagamenti).<\/p>\n<p>Qualora doveste procedere tramite bonifico, vi chiediamo gentile collaborazione nell&#8217;inviare la copia del bonifico cosi da poter aggiornare quanto prima la situazione sul gestionale.<\/p>\n<p><a href=\"https:\/\/auth.golee.it\/login\"><img data-recalc-dims=\"1\" loading=\"lazy\" decoding=\"async\" class=\"aligncenter wp-image-3918 size-medium\" src=\"https:\/\/i0.wp.com\/www.virtusetlabor.it\/wp-content\/uploads\/2025\/07\/Virtus-Golee.jpg?resize=240%2C300&#038;ssl=1\" alt=\"\" width=\"240\" height=\"300\" \/><\/a><\/p>\n<p>&nbsp;<\/p>\n<p><strong><u>RINNOVI ISCRIZIONE<\/u><\/strong><\/p>\n<p>Come ogni anno per coloro che sono gi\u00e0 nostri soci le iscrizioni saranno aperte dal 1 Settembre.<\/p>\n<p>Step per step vi indicheremo tutti i passaggi principali<\/p>\n<p><strong><em>\u2753 COME FUNZIONA IN PILLOLE \u2753<\/em><\/strong><\/p>\n<p>\u23e9 Scaricare App Golee (si veda immagine del gestionale, icona rossa con lettera G bianca)<\/p>\n<p>\u23e9 La Societ\u00e0 invier\u00e0 la richiesta di attivazione del profilo personale. In questo modo potrete gestire voi direttamente qualsiasi aspetto dell&#8217;attivit\u00e0 sportiva.<\/p>\n<p>\u23e9 Verr\u00e0 condiviso tramite link o QR Code il Modulo Rinnovo Iscrizione &#8211; chiamato &#8220;<em>Modulo riconferme 25\/26<\/em>&#8221;<\/p>\n<p>\u23e9 Sar\u00e0 necessario compilare i campi laddove vi siano state modifiche rispetto all&#8217;anno precedente, ad eccezione di quelli relativi alla scadenza visita medica e al relativo caricamento del documento in corso di validit\u00e0, e procedere all&#8217;accettazione\/non accettazione dei moduli consensi con relativa firma (da poter apporre in un secondo momento). Si richiede obbligatoriamente la scelta della modalit\u00e0 di pagamento (quota unica o due quote) e del giorno di frequentazione<\/p>\n<p>\u23e9 Verr\u00e0 richiesto il pagamento della quota associativa di euro\u00a0<em>50,00<\/em>. La tessera relativa ha validit\u00e0 dell&#8217;anno sportivo ed \u00e8 necessario rinnovarla ogni anno. Potete effettuare subito il pagamento o procedere una volta accettata l&#8217;iscrizione da parte della societ\u00e0 sportiva.<\/p>\n<p>\u23e9 Una volta accettata l&#8217;iscrizione, sar\u00e0 possibile effettuare il pagamento completo nelle modalit\u00e0 da voi scelte.<\/p>\n","protected":false},"excerpt":{"rendered":"<p>Iscrizioni aperte A partire dal\u00a01\u00b0 settembre 2025\u00a0sono ufficialmente aperte le iscrizioni ai corsi della\u00a0A.S.D. Virtus et Labor\u00a0per il nuovo anno sportivo. Per agevolare i nostri Soci e le nuove famiglie, da quest\u2019anno sar\u00e0 possibile compilare ed inviare l\u2019iscrizione anche online&#8230;<br \/><a class=\"read-more-button\" href=\"https:\/\/www.virtusetlabor.it\/index.php\/infoiscrizioniegolee\/\">Leggi il seguito<\/a><\/p>\n","protected":false},"author":1,"featured_media":0,"parent":0,"menu_order":0,"comment_status":"closed","ping_status":"closed","template":"","meta":{"footnotes":""},"class_list":["post-76","page","type-page","status-publish","hentry"],"jetpack_sharing_enabled":true,"jetpack-related-posts":[{"id":79,"url":"https:\/\/www.virtusetlabor.it\/index.php\/infocorsi\/","url_meta":{"origin":76,"position":0},"title":"Info Corsi","author":"virtusadmin","date":"Aprile 20, 2016","format":false,"excerpt":"BABY GYM Et\u00e0: 3-4 anni Descrizione: Corso ludico-motorio per lo sviluppo delle abilit\u00e0 di base: corsa, salto, rotolamenti, equilibrio e coordinazione oculo-manuale. Attivit\u00e0 con attrezzi della ginnastica artistica (trave, trampolino, tappetini, ecc.). Importante la relazione con coetanei e adulti in un ambiente giocoso e strutturato. Note: Corso a numero chiuso.\u2026","rel":"","context":"Articolo simile","block_context":{"text":"Articolo simile","link":""},"img":{"alt_text":"Info Corsi","src":"https:\/\/i0.wp.com\/www.virtusetlabor.it\/wp-content\/uploads\/2025\/09\/1-e1756724443130.jpg?fit=650%2C919&ssl=1&resize=350%2C200","width":350,"height":200,"srcset":"https:\/\/i0.wp.com\/www.virtusetlabor.it\/wp-content\/uploads\/2025\/09\/1-e1756724443130.jpg?fit=650%2C919&ssl=1&resize=350%2C200 1x, https:\/\/i0.wp.com\/www.virtusetlabor.it\/wp-content\/uploads\/2025\/09\/1-e1756724443130.jpg?fit=650%2C919&ssl=1&resize=525%2C300 1.5x"},"classes":[]},{"id":8,"url":"https:\/\/www.virtusetlabor.it\/index.php\/storia\/","url_meta":{"origin":76,"position":1},"title":"Storia","author":"virtusadmin","date":"Aprile 14, 2016","format":false,"excerpt":"La \u201cVirtus et Labor\u201d nasce nel 1906 da un\u2019idea dell\u2019assistente all\u2019Oratorio don Giovanni Sala e dai melegnanesi Gaetano Massironi e Giovanni Del Corno, come sezione ginnastica dell\u2019Oratorio maschile S. Giuseppe di Melegnano. Sar\u00e0 con l\u2019arrivo di don Enrico Tavazza, melegnanese d\u2019origine e prezioso collaboratore, che la Societ\u00e0 verr\u00e0 dotata di\u2026","rel":"","context":"Articolo simile","block_context":{"text":"Articolo simile","link":""},"img":{"alt_text":"logo","src":"https:\/\/i0.wp.com\/www.virtusetlabor.it\/wp-content\/uploads\/2016\/04\/logo-1.png?resize=350%2C200","width":350,"height":200},"classes":[]},{"id":3118,"url":"https:\/\/www.virtusetlabor.it\/index.php\/informativa-privacy\/","url_meta":{"origin":76,"position":2},"title":"Informativa Privacy","author":"virtusadmin","date":"Luglio 13, 2024","format":false,"excerpt":"Informativa ai sensi degli artt. 13 e 14 del Regolamento europeo 679\/2016 L\u2019art. 13 del Regolamento Europeo 2016\/679 (di seguito GDPR), afferma che ogni persona, definita \u201cinteressato\u201d, deve essere informata in modo chiaro, semplice e completo, sulle modalit\u00e0 di trattamento dei dati personali. Oltre ai dati personali (informazioni in grado\u2026","rel":"","context":"Articolo simile","block_context":{"text":"Articolo simile","link":""},"img":{"alt_text":"","src":"","width":0,"height":0},"classes":[]},{"id":3203,"url":"https:\/\/www.virtusetlabor.it\/index.php\/patto-di-corresponsabilita\/","url_meta":{"origin":76,"position":3},"title":"Patto Educativo di Corresponsabilit\u00e0","author":"virtusadmin","date":"Luglio 12, 2024","format":false,"excerpt":"Premesso che: La formazione e l\u2019educazione sportiva sono processi complessi e continui che richiedono la cooperazione, oltre che dell\u2019allievo\/atleta, dell\u2019associazione sportiva, della famiglia e dell\u2019intera comunit\u00e0 educante. La palestra e gli ambienti di aggregazione sportiva sono il luogo in cui si realizza la crescita della performance atletica dei ragazzi ed\u2026","rel":"","context":"Articolo simile","block_context":{"text":"Articolo simile","link":""},"img":{"alt_text":"","src":"","width":0,"height":0},"classes":[]}],"_links":{"self":[{"href":"https:\/\/www.virtusetlabor.it\/index.php\/wp-json\/wp\/v2\/pages\/76","targetHints":{"allow":["GET"]}}],"collection":[{"href":"https:\/\/www.virtusetlabor.it\/index.php\/wp-json\/wp\/v2\/pages"}],"about":[{"href":"https:\/\/www.virtusetlabor.it\/index.php\/wp-json\/wp\/v2\/types\/page"}],"author":[{"embeddable":true,"href":"https:\/\/www.virtusetlabor.it\/index.php\/wp-json\/wp\/v2\/users\/1"}],"replies":[{"embeddable":true,"href":"https:\/\/www.virtusetlabor.it\/index.php\/wp-json\/wp\/v2\/comments?post=76"}],"version-history":[{"count":110,"href":"https:\/\/www.virtusetlabor.it\/index.php\/wp-json\/wp\/v2\/pages\/76\/revisions"}],"predecessor-version":[{"id":4019,"href":"https:\/\/www.virtusetlabor.it\/index.php\/wp-json\/wp\/v2\/pages\/76\/revisions\/4019"}],"wp:attachment":[{"href":"https:\/\/www.virtusetlabor.it\/index.php\/wp-json\/wp\/v2\/media?parent=76"}],"curies":[{"name":"wp","href":"https:\/\/api.w.org\/{rel}","templated":true}]}}

<h2 data-start="146" data-end="293">Iscrizioni aperte</h2>
<p data-start="146" data-end="293">A partire dal <strong data-start="160" data-end="181">1° settembre 2025</strong> sono ufficialmente aperte le iscrizioni ai corsi della <strong>A.S.D. Virtus et Labor</strong> per il nuovo anno sportivo.</p>
<p data-start="295" data-end="445">Per agevolare i nostri Soci e le nuove famiglie, da quest’anno sarà possibile compilare ed inviare l’iscrizione anche online tramite la piattaforma <strong data-start="433" data-end="442">Golee</strong>, sia per RINNOVI che per i NUOVI ISCRITTI.</p>
<p data-start="447" data-end="595">Resta comunque attiva la possibilità di iscriversi “di persona” presso la nostra <strong data-start="528" data-end="536">Sede</strong>, durante tutto il mese di settembre, nei seguenti orari:</p>
<ul data-start="596" data-end="694">
<li data-start="596" data-end="655">
<p data-start="598" data-end="655"><strong data-start="598" data-end="630">Lunedì, Mercoledì e Venerdì:</strong> dalle 18:00 alle 20:00</p>
</li>
<li data-start="656" data-end="694">
<p data-start="658" data-end="694"><strong data-start="658" data-end="669">Sabato:</strong> dalle 10:00 alle 12:00</p>
</li>
</ul>
<p data-start="696" data-end="806">Per qualsiasi informazione aggiuntiva o chiarimento potete scriverci a: <strong data-start="773" data-end="804"><a class="decorated-link cursor-pointer" rel="noopener" data-start="775" data-end="802">iscrizioni@virtusetlabor.it</a></strong></p>
<p data-start="808" data-end="889">Vi aspettiamo per iniziare insieme un nuovo anno di sport, crescita e passione.</p>
<p data-start="808" data-end="889"><img data-recalc-dims="1" loading="lazy" decoding="async" class="aligncenter wp-image-4010 size-full" src="https://i0.wp.com/www.virtusetlabor.it/wp-content/uploads/2025/09/Iscrizioni-e1756720111308.jpg?resize=450%2C563&#038;ssl=1" alt="Info iscrizioni 25/26" width="450" height="563" /></p>
<p data-start="808" data-end="889">______</p>
<h2 data-start="146" data-end="293">Golee &#8211;  tutto a portata di click</h2>
<p>A partire da questo nuovo Anno Sportivo sarà possibile procedere all&#8217;Iscrizione attraverso form online e la registrazione alla piattaforma <a href="https://auth.golee.it/login" target="_blank" rel="noopener">Golee</a></p>
<p>L&#8217;invio del form di iscrizione e la registrazione al portale avviene tramite invito della Società; si prega di contattare <strong>iscrizioni@virtusetlabor.it</strong> per tutti i dettagli.</p>
<p>Tutte le <strong>specifiche </strong>presenti nei passati moduli, sono riportate nel testo che trovate prima della compilazione del nuovo Modulo di Iscrizione.</p>
<p>Eventuali specifiche relative al gestionale Golee sono consultabili al pubblico nelle sezioni e pagine relative al gestionale stesso.</p>
<p>Consigliamo di leggere attentamente le specifiche relative al <strong>pagamento </strong>in quanto è possibile completare l&#8217;iscrizione senza pagare ed effettuarlo in un secondo momento nella modalità che preferite (bonifico bancario/POS).</p>
<p>Ricordiamo inoltre che il pagamento si compone di una quota associativa di euro 50, da rinnovare ogni anno, e della quota relativa al corso.</p>
<p>La <em>quota </em>relativa al <em>corso </em>vi verrà <strong>associata </strong>nella sezione pagamenti dalla <strong>Società </strong>come da voi indicato tramite link (quota annuale e due quote) e ritenuta saldata una volta effettuato il pagamento (in qualsiasi caso saremo noi ad aggiornare la situazione pagamenti).</p>
<p>Qualora doveste procedere tramite bonifico, vi chiediamo gentile collaborazione nell&#8217;inviare la copia del bonifico cosi da poter aggiornare quanto prima la situazione sul gestionale.</p>
<p><a href="https://auth.golee.it/login"><img data-recalc-dims="1" loading="lazy" decoding="async" class="aligncenter wp-image-3918 size-medium" src="https://i0.wp.com/www.virtusetlabor.it/wp-content/uploads/2025/07/Virtus-Golee.jpg?resize=240%2C300&#038;ssl=1" alt="" width="240" height="300" /></a></p>
<p>&nbsp;</p>
<p><strong><u>RINNOVI ISCRIZIONE</u></strong></p>
<p>Come ogni anno per coloro che sono già nostri soci le iscrizioni saranno aperte dal 1 Settembre.</p>
<p>Step per step vi indicheremo tutti i passaggi principali</p>
<p><strong><em>❓ COME FUNZIONA IN PILLOLE ❓</em></strong></p>
<p>⏩ Scaricare App Golee (si veda immagine del gestionale, icona rossa con lettera G bianca)</p>
<p>⏩ La Società invierà la richiesta di attivazione del profilo personale. In questo modo potrete gestire voi direttamente qualsiasi aspetto dell&#8217;attività sportiva.</p>
<p>⏩ Verrà condiviso tramite link o QR Code il Modulo Rinnovo Iscrizione &#8211; chiamato &#8220;<em>Modulo riconferme 25/26</em>&#8221;</p>
<p>⏩ Sarà necessario compilare i campi laddove vi siano state modifiche rispetto all&#8217;anno precedente, ad eccezione di quelli relativi alla scadenza visita medica e al relativo caricamento del documento in corso di validità, e procedere all&#8217;accettazione/non accettazione dei moduli consensi con relativa firma (da poter apporre in un secondo momento). Si richiede obbligatoriamente la scelta della modalità di pagamento (quota unica o due quote) e del giorno di frequentazione</p>
<p>⏩ Verrà richiesto il pagamento della quota associativa di euro <em>50,00</em>. La tessera relativa ha validità dell&#8217;anno sportivo ed è necessario rinnovarla ogni anno. Potete effettuare subito il pagamento o procedere una volta accettata l&#8217;iscrizione da parte della società sportiva.</p>
<p>⏩ Una volta accettata l&#8217;iscrizione, sarà possibile effettuare il pagamento completo nelle modalità da voi scelte.</p>

<p>Iscrizioni aperte A partire dal 1° settembre 2025 sono ufficialmente aperte le iscrizioni ai corsi della A.S.D. Virtus et Labor per il nuovo anno sportivo. Per agevolare i nostri Soci e le nuove famiglie, da quest’anno sarà possibile compilare ed inviare l’iscrizione anche online&#8230;<br /><a class="read-more-button" href="https://www.virtusetlabor.it/index.php/infoiscrizioniegolee/">Leggi il seguito</a></p>

BABY GYM Età: 3-4 anni Descrizione: Corso ludico-motorio per lo sviluppo delle abilità di base: corsa, salto, rotolamenti, equilibrio e coordinazione oculo-manuale. Attività con attrezzi della ginnastica artistica (trave, trampolino, tappetini, ecc.). Importante la relazione con coetanei e adulti in un ambiente giocoso e strutturato. Note: Corso a numero chiuso.…

La “Virtus et Labor” nasce nel 1906 da un’idea dell’assistente all’Oratorio don Giovanni Sala e dai melegnanesi Gaetano Massironi e Giovanni Del Corno, come sezione ginnastica dell’Oratorio maschile S. Giuseppe di Melegnano. Sarà con l’arrivo di don Enrico Tavazza, melegnanese d’origine e prezioso collaboratore, che la Società verrà dotata di…

Informativa ai sensi degli artt. 13 e 14 del Regolamento europeo 679/2016 L’art. 13 del Regolamento Europeo 2016/679 (di seguito GDPR), afferma che ogni persona, definita “interessato”, deve essere informata in modo chiaro, semplice e completo, sulle modalità di trattamento dei dati personali. Oltre ai dati personali (informazioni in grado…

Patto Educativo di Corresponsabilità

Premesso che: La formazione e l’educazione sportiva sono processi complessi e continui che richiedono la cooperazione, oltre che dell’allievo/atleta, dell’associazione sportiva, della famiglia e dell’intera comunità educante. La palestra e gli ambienti di aggregazione sportiva sono il luogo in cui si realizza la crescita della performance atletica dei ragazzi ed…
